5)/((-30)/(-1)) + (-5530)/(-60) is divided by m(j).
30
Let m(y) = 2*y**3 + 2 + 2*y**3 + y**2 - 7*y - 5*y**3 + 0*y**2. Let j = -649 + 676. Calculate the remainder when m(-5) is divided by j.
25
Suppose 4*q - 8*q = 16. Let l be (0 - (-40)/(-35))/((-3)/21). Calculate the remainder when 43 is divided by (q + l)/(3/9).
7
Let t = 7598 - 6802. Calculate the remainder when t is divided by 89.
84
Suppose 88 = 147*p - 145*p. Calculate the remainder when 1187 is divided by p.
43
Suppose -51*t + 1621 + 17903 = -14850. What is the remainder when t is divided by 110?
14
Let m = 189 - 186. Suppose -m*w = -l + 240, -3*l + l - 5*w + 425 = 0. Calculate the remainder when l is divided by 57.
54
Suppose -11*s - 175 = 1068. Calculate the remainder when 180 is divided by s/(-5) + 6/(-90)*-6.
19
Suppose -2*v + 176 - 16 = 0. Suppose 4*z + 356 = 5*t, v = -0*t + t - 3*z. Suppose 0 = 12*g - 225 - 51. What is the remainder when t is divided by g?
22
Suppose k - 4*k + 573 = 0. Let o = -2739 - -2761. What is the remainder when k is divided by o?
15
Suppose -c + 5*y = -202, 11*c - 606 = 8*c + y. Calculate the remainder when c is divided by (204/(2 - 4))/((-4)/2).
49
Suppose -11 + 8 = -2*p - 3*l, 29 = -4*p + l. Calculate the remainder when 69 is divided by ((-19)/(285/18))/(p/50).
9
Suppose 10*m = 6*m - 4*y + 724, 4*m - 700 = 4*y. Calculate the remainder when m is divided by 18.
16
Suppose 5*l - 6*m - 311 = -2*m, l = m + 63. Suppose -2 = 4*y - 2*v, -5*y + 15*v - 25 = 17*v. Calculate the remainder when l is divided by (y + -2)*24*2/(-10).
11
Let z be 87/27 + -3 - (-112)/63. Let q(d) = 4*d**2 + d - 2. Let l = 85 + -39. What is the remainder when l is divided by q(z)?
14
Let v(q) = 2*q**3 + 49*q**2 - 200*q + 9. Calculate the remainder when 337 is divided by v(-28).
95
Let u = -6954 + 8969. Calculate the remainder when u is divided by 84.
83
Suppose 614*i - 14 = 613*i. What is the remainder when 37 is divided by i?
9
Let o(h) = h**3 - 6*h**2 + 2*h - 1. Let g(i) = -i**2 - i - 9. Let m be g(6). Let j = -30 - m. Calculate the remainder when o(7) is divided by j.
20
Let o(v) = 72*v + 1015. What is the remainder when 577 is divided by o(-14)?
3
Let m = 320 + -309. What is the remainder when 476 is divided by m?
3
Let p = 74 + -74. Let s be ((-3)/6)/(5/10 + p). What is the remainder when 58 + 4/8*s*0 is divided by 15?
13
Suppose -85*d + 268*d = -432 + 5373. What is the remainder when 542 is divided by d?
2
Let b be 16/2 - (-13 + 50). Let w(a) = -22*a - 56. What is the remainder when w(b) is divided by 65?
62
Suppose 9578 + 1117 = 37*p - 4549. What is the remainder when p is divided by 30?
22
Let j be 3 + -2 - (-4 - -6). Calculate the remainder when j*(-1 + -5 + 3)*31 is divided by 47.
46
Suppose -3*u + 86 = 2*x - 197, -2*u = -4*x - 178. Let l(k) = -1 + 14 + k - 9 + 26. Calculate the remainder when u is divided by l(-14).
13
Let u be (2/(-4))/1*(-39 - -39). Suppose u*y + 163 = 5*y + 4*x, 4*x = 8. Calculate the remainder when 650 is divided by y.
30
Let k(g) = 3*g**3 + 14*g**2 + 4*g + 10. Calculate the remainder when 143 is divided by k(-4).
13
Let t(g) = -6 - 2*g + 4 + 0 - g**2 - g**3. What is the remainder when 153 is divided by t(-3)?
21
Let q(g) = 157*g - 71. Suppose 35 = -3*r + 38. Calculate the remainder when q(r) is divided by 10.
6
Let i = -4049 - -4050. Calculate the remainder when 70 is divided by i.
0
Suppose 449*s - 83372 + 40676 - 77636 = 0. What is the remainder when s is divided by 42?
16
Let g = 4815 + -4757. What is the remainder when 691 is divided by g?
53
Let v(h) = -2*h**3 + 13*h**2 + h + 27. Let l(c) = 3*c**3 - 20*c**2 - c - 40. Let n(k) = 5*l(k) + 7*v(k). What is the remainder when 69 is divided by n(9)?
6
Suppose 2*m + 301*t - 300*t = 74, 5*t = 5*m - 215. Calculate the remainder when 4794 is divided by m.
36
Let n be 113/(2*(10/(-16))/5). Let x = 910 + n. What is the remainder when x is divided by 14?
10
Let x(p) = -p**3 - 4*p**2 - 22*p - 76. Calculate the remainder when 190 is divided by x(-4).
10
Let k(n) = -2 + 67*n - 11*n + 0. Let q be k(4). Let x = 341 - q. What is the remainder when x is divided by 24?
23
Suppose 5*w - 7*w = -8. Suppose 2*j - w = j. What is the remainder when (-2)/(-9) + -3 + (-496)/(-36) is divided by j?
3
Let q(n) = -4*n - 19. Let i be q(-5). Let f(a) = 77*a**3 + 2*a - 2. Let c be f(i). Suppose u - c = 48. Calculate the remainder when u is divided by 14.
13
Let y(d) = d**2 - 16*d - 93. Let w be (2/4)/((-1)/10). What is the remainder when 20 is divided by y(w)?
8
Suppose -5*g + 38 = 48, 2*x + g - 2506 = 0. What is the remainder when x is divided by 34?
30
What is the remainder when 188 is divided by (7/((-28)/72))/((-32)/16)?
8
Calculate the remainder when 1452 is divided by (-1365)/182*948/(-10).
30
Suppose -8*k + 9*k = 4*i, k - 4 = 2*i. Suppose -241 = -5*d + 4*y, d + 4*d + 3*y - 213 = 0. What is the remainder when d is divided by k?
5
Suppose -20*n + 18 = -18*n. Let y(t) = 76*t - 1. What is the remainder when y(1) is divided by 2 - (-18)/(-7 + n)?
9
Let l(i) = i**3 + 12*i**2 + 17*i + 34. What is the remainder when 619 is divided by l(-9)?
123
Let t(n) = -n**2 - 16*n - 34. Suppose 0 = 2*g - 0*g + 154. Let k = -59 - g. Calculate the remainder when k is divided by t(-13).
3
Suppose 5*y = q + 46, -32*y - 54 = -35*y + 5*q. Calculate the remainder when 15869 is divided by y.
5
Let o = -24091 + 24174. What is the remainder when o is divided by 41?
1
What is the remainder when (1 + 3198)*16*(-48)/(-896) is divided by 182?
12
Let w = 69 + -45. Let d(p) = -9*p + 39. Calculate the remainder when d(-3) is divided by w.
18
Suppose 396 = 2*o - 2*g, -1168*o + g = -1164*o - 780. What is the remainder when o is divided by 94?
6
Let q(f) = f**2 + 4*f + 7. Let z be q(-4). Suppose z*l + 5 = 5*l - 5*r, 3*l - 3 = -4*r. What is the remainder when 58 is divided by l?
3
Let o be (-2 + (-2)/(-2))/(28/(-56)). Suppose -r + 1 + 2 = 0, o*s = -3*r + 65. Calculate the remainder when 101 is divided by s.
17
Let x(n) = -4*n**3 + 38*n**2 + 7. Suppose 0 = -2*p + 12 + 8. What is the remainder when x(9) is divided by p?
9
Calculate the remainder when 883 is divided by (2/(-10))/(17776/(-5920) + 3).
69
Let h = -52 - -115. Suppose -3*c + 243 = -h. Suppose -4*n - 4*s + 192 = -3*s, -2*n + s + c = 0. Calculate the remainder when n is divided by 11.
5
Suppose -209*z = -208*z - 454. Suppose 566 = 5*c - z. Calculate the remainder when c is divided by 41.
40
Let z(n) = -n**2 - 17*n - 20. Suppose -3*x + q - 460 = 0, -5*x + 4*x = -3*q + 140. Let k be x/20 - 1/4. Calculate the remainder when 258 is divided by z(k).
50
Let y(h) = -14*h + 5. Let w be y(0). Suppose -w*j = 148 - 238. Let o = -74 + 143. What is the remainder when o is divided by j?
15
Suppose t = 4*d + 44, -5*d = 5*t - 6*d - 125. What is the remainder when 254 is divided by (t/10 + 4)/(3/15)?
30
Suppose -b = -2*m + 423 - 530, -5*b - m + 524 = 0. Let f(g) = 2*g - 24. What is the remainder when b is divided by f(23)?
17
Let x = -3070 - -3412. Calculate the remainder when x is divided by 78.
30
Let i = -22 + 56. Let h = -30 + i. Suppose -5*v - 2*f = -5*f - 114, h*f = 3*v - 75. What is the remainder when 62 is divided by v?
20
Let b(l) = -l**2 + 9. Let p be b(3). Let g(u) = 6*u + 57. What is the remainder when g(p) is divided by 20?
17
Let f(u) = -1169*u - 302. What is the remainder when f(-1) is divided by 161?
62
Let b = 54 + -1. Let t = -28 + b. Let r = 3123 - 3116. Calculate the remainder when t is divided by r.
4
Suppose 0 = -5*r + 765 - 3310. Let t = -442 - r. What is the remainder when 93 is divided by t?
26
Suppose -4*y + 18 + 198 = 0. What is the remainder when 91 is divided by 84/(y/9 - 4)?
7
Let r(g) = 2*g**3 - 119*g**2 - 56*g - 46. Calculate the remainder when r(60) is divided by 93.
8
Suppose k - s - 1 = 19, k = 2*s + 21. Let q = k - 10. What is the remainder when (-61)/((-1769)/(-435)) + 30 is divided by q?
6
Let g be ((-19)/(-57))/(1/(-87)). Let i = -26 - g. Suppose 5*j + 692 = 5*x - 2*x, i*x = -3*j + 684. What is the remainder when x is divided by 29?
26
Let h = 293 + 856. Calculate the remainder when h is divided by 18.
15
Let w(u) = -12*u**3 - u**2 - 22*u + 1. Calculate the remainder when w(-6) is divided by 54.
43
Let g be (-13)/26 - 70/4. Let q = g + 17. Calculate the remainder when (8/(-6)*q)/(5/90) is 